What is the highest common divisor of m and f?
2
Let i be 0/7 + 8 + -2. Let u be (1/(-1))/(3/(-9)). Calculate the greatest common divisor of i and u.
3
Let c = 139 + -87. Suppose -2*p = 3*n - 107, 2*p + c = 3*n - 51. Calculate the greatest common divisor of n and 14.
7
Let z be 2/(-3) - 4/(-6). Suppose 2*m - 5*t - 26 = z, -5*m + 0*t = -3*t - 27. What is the greatest common divisor of m and 6?
3
Suppose -6 = -c - c. Suppose 4*f - 24 = -c*a, 3*a - f - 2*f = 3. Suppose 0 = -a*j + 4 + 12. What is the greatest common factor of 20 and j?
4
Let n be (6/(-5))/(6/(-40)). Let c(k) = -k**2 + 6*k + 10. Let r be c(7). Suppose r*v = -0*v + 60. What is the highest common divisor of n and v?
4
Suppose -383 = 2*m - 5*s, -3*m = -4*m - 3*s - 219. Let b be 4/(-3)*m/8. What is the highest common factor of 17 and b?
17
Suppose 0 = -0*r + r - 16. Suppose 4*m - 41 = 3*m. Let j be m/1 - (0 - -1). Calculate the highest common divisor of j and r.
8
Let y be (-1 + 10/4)*8. Let d(v) = 13*v**2 + 3*v. Let t be d(-3). Calculate the highest common divisor of t and y.
12
Suppose a = 4, -b + 3*b + 10 = 3*a. Let r be 1 - (-3 - 17) - b. Calculate the highest common factor of 10 and r.
10
Let b(i) = -13*i**3 - 3*i**2 + 3*i + 4. Let x be b(-3). Calculate the highest common factor of x and 29.
29
Let o(s) = 9*s. Let p be o(2). Let r(k) = -k**2 - 4*k + 7. Let n be r(-5). Let g be 4*(1*p)/n. Calculate the greatest common factor of g and 12.
12
Suppose -5*x + 22 = -143. Suppose -21*r + 11*r = -110. Calculate the greatest common divisor of x and r.
11
Suppose 0 = -4*x - x + 475. Suppose 7*n - 2*n - x = 0. What is the greatest common divisor of n and 38?
19
Let b = 14 - -7. Let m be 117/b - 6/(-14). Let c be -36*(5/(-2) - -2). Calculate the greatest common factor of c and m.
6
Suppose o - 1 - 3 = 0, 0 = a - 3*o - 6. Calculate the greatest common divisor of a and 45.
9
Let j(y) = y**2 + 3*y. Let f be j(-3). Suppose -11 = -2*u + 5*w, -3*u + 3*w = -f*u - 12. What is the highest common factor of 2 and u?
1
Let k be -222*(4/14 - 102/63). What is the highest common factor of 37 and k?
37
Suppose 3*a - 20 = 4. Let s = a + -6. Suppose -56 = -2*h - s*h. Calculate the greatest common divisor of h and 126.
14
Let l = 31 - -51. Suppose -8 = -2*o + l. What is the highest common factor of o and 15?
15
Suppose 3*v = 5*a + 9, -3*v + 12 = v - a. Suppose -v*y + 18 - 93 = -3*n, 51 = 2*n - 3*y. What is the greatest common divisor of 3 and n?
3
Suppose 0 = -5*p - v + 73, 0 = -2*p - 2*v - 3*v + 20. What is the highest common factor of p and 105?
15
Suppose 3*a + n + 0*n = 113, -4*a + n + 139 = 0. Suppose -9*d + 5*d + 96 = 0. What is the highest common divisor of d and a?
12
Let p be 1 + -1 + (4 - 4). Suppose 3*j - 8*j + 25 = p. Suppose 5*o - l - 52 = o, -74 = -j*o - l. Calculate the greatest common divisor of o and 35.
7
Let g be -1 + -1 + 16/(-8) + 9. What is the highest common divisor of g and 40?
5
Suppose 0 = 2*w - 2*r - 46, 0 = -2*w + 3*r + r + 56. Suppose w + 60 = 3*c. What is the greatest common divisor of 234 and c?
26
Let h = 6 - 3. Suppose -4*k + k = -237. Let p be k/9 - (-8)/36. Calculate the highest common divisor of h and p.
3
Let z(k) = -k**2 + 7*k - 2. Let u be z(6). Let n be (1 - 74)*(u - 3). Let t = -25 - n. Calculate the highest common divisor of t and 16.
16
Suppose 0 = 24*y - 22*y - 12. Suppose 72 + 24 = 2*q. What is the greatest common divisor of q and y?
6
Suppose 16*a = 6*a + 50. Calculate the highest common divisor of 55 and a.
5
Suppose -3*u + 420 = 3*p, 145 = 2*u + 4*p - 125. Suppose u = 23*t - 18*t. What is the greatest common factor of 232 and t?
29
Let y = -3 - -5. Suppose -300 = -3*x - y*x. Suppose -3*a + 13 - 34 = -3*h, -3 = -a. Calculate the greatest common divisor of h and x.
10
Let w be -3*((-6)/(-3) + (-658)/21). Let l(u) = -12*u**3 - 2*u**2 - 2*u - 1. Let k be l(-1). Calculate the highest common divisor of k and w.
11
Suppose 4*y = 5*j - y, 0 = -j - 2*y + 12. Suppose 12 = -j*a + 52. Calculate the greatest common divisor of 20 and a.
10
Let y(t) = -t**2 + 15*t - 22. Let s be y(12). Calculate the greatest common factor of 112 and s.
14
Suppose 5*u - 7 - 8 = 0. Calculate the greatest common divisor of u and 6.
3
Suppose b = -3*x - 9, b - 5*x = 6*b + 5. Let l(u) = u**2 - 7*u + 3. Let h be l(7). Calculate the greatest common divisor of h and b.
3
Let j(a) = -2*a - 5. Let i be j(-4). Let v(y) = y**3 - 4*y**2 + 5*y - 2. Let t be v(i). Calculate the highest common divisor of 10 and t.
2
Let s(b) = b**3 + 6*b**2 - 9*b - 8. Let f be s(-7). What is the highest common factor of f and 2?
2
Suppose g - 18 = 12. Let n be 5/(g/(-32))*-3. Calculate the greatest common factor of 112 and n.
16
Let b = 105 - 25. Calculate the highest common divisor of b and 32.
16
Suppose -4*s = -15 + 23. Let r be 20/(s*(-3)/6). Let w(a) = a**3 + 6*a**2 + 5*a - 2. Let n be w(-4). What is the greatest common factor of r and n?
10
Suppose -4*h - 4*p + 68 - 4 = 0, -5*h - 4*p + 77 = 0. Suppose -b + h = -15. Calculate the greatest common factor of b and 140.
28
Suppose 2*j - 4*w + w - 4 = 0, -j + 4*w = 3. Let f = j + 23. Suppose t = -5*o + 33, t + f - 5 = 3*o. What is the greatest common factor of 7 and o?
7
Let z be (-10 + 12)*2*1. Let h = z + 6. Calculate the highest common divisor of h and 5.
5
Let c be (-6)/(-5)*(-5)/(-2). Suppose 2*k + c = -a - 0, 12 = -4*k. Suppose 16 = 4*i - 2*w + a*w, 3*i + 2*w = 12. What is the greatest common factor of 20 and i?
4
Let m be ((-11)/(-2))/(1/2). Suppose 0 = 2*h - 3*a, 4*h - 2*a - 3*a = -4. Let l be 0 + 0 + (h - -17). What is the highest common divisor of l and m?
11
Suppose -2*u = -u - 3. Suppose -4*d = -0*n - n + 30, n - u = -5*d. Suppose -r - 5 = -n. What is the greatest common factor of 104 and r?
13
Let p be (-1)/2 + 85/2. Let y = 12 - 6. Calculate the greatest common factor of y and p.
6
Let l be (-236)/(-6) - (-3)/(-9). Let w = 12 + -7. Let g = w + l. Calculate the greatest common factor of 11 and g.
11
Let c be 3/6 + 60/8. What is the greatest common divisor of 28 and c?
4
Suppose -47*i = -50*i + 540. What is the highest common factor of 20 and i?
20
Let l = 2 + -3. Let v = l - -19. Suppose 0 = -d - 1 + 10. What is the greatest common factor of d and v?
9
Let u = 12 - -2. What is the greatest common divisor of u and 28?
14
Let n(p) = -p**2 - 11*p - 6. Suppose 0 = -3*o + 4*z - 6, -3*o + 3*z = -2*o - 3. Let w be n(o). What is the highest common factor of w and 8?
8
Suppose 28 - 4 = 3*u. Calculate the highest common factor of 32 and u.
8
Suppose 4*l - 54 = -3*g, 6*g - 3*g = 4*l + 30. Suppose -77 = -m + 4*x - 1, x - 163 = -3*m. Calculate the greatest common divisor of m and g.
14
Let t(h) = 25*h + 6. Let j be t(3). What is the greatest common divisor of 27 and j?
27
Suppose 3*w - 5*o - 16 = -3*o, -o = -4*w + 23. Let s be (-546)/(-10) - w/10. Calculate the greatest common factor of 6 and s.
6
Let j be 4*(-1 + 3/6). Let h(s) = -3*s - 3. Let x be h(j). Suppose x*o - 167 = 31. What is the greatest common factor of o and 22?
22
Let k be 16/(-5)*25/(-10). Let o = -14 + k. Let q be 12/(-2 - (o - -3)). What is the highest common factor of q and 12?
12
Suppose d - w - 20 = 0, 4*w - 75 = -3*d + 2*w. Let f be (-8 + d)/(1/3). What is the greatest common factor of 30 and f?
15
Let u = 133 - 97. Calculate the highest common divisor of 252 and u.
36
Suppose 4*y - 2*y = 2. Let n(j) = 5*j**3 - j**2 + 2*j - 1. Let x be n(y). Let o be 7*1 + -5 + x. Calculate the greatest common factor of o and 1.
1
Let c = 36 - 32. What is the highest common factor of 36 and c?
4
Let q(o) = -10*o**2 + 6*o**3 + 2*o - 10 + 6*o**3 - 11*o**3. Let m be q(10). Calculate the highest common factor of 70 and m.
10
Suppose 2*q + 499 = 7*q + 2*m, -4*m + 206 = 2*q. Calculate the greatest common factor of 9 and q.
9
Let o(y) = y**2 + 7*y - 1. Let b be o(-6). Let d(k) = k**2 - 4*k + 1. Let l be d(b). Calculate the greatest common factor of 52 and l.
26
Let m(h) = h**3 + h**2 - 4*h + 2. Let o be m(3). Let v = 38 + o. Calculate the highest common factor of 8 and v.
8
Let k = -14 + 14. Suppose -2*t + 2 = k, 2*t = 3*p - 4*p + 5. Calculate the highest common divisor of p and 3.
3
Let a(n) = -n**2 - n - 2. Let v be a(-3). Let m be (-9 - v) + (4 - 1). Suppose -f + 1 = -3. What is the greatest common divisor of m and f?
2
L